{"id":5544,"date":"2024-11-15T11:44:49","date_gmt":"2024-11-15T10:44:49","guid":{"rendered":"https:\/\/fire-eagle.menaps.com\/?page_id=5544"},"modified":"2025-02-24T10:39:16","modified_gmt":"2025-02-24T09:39:16","slug":"financement-participatif","status":"publish","type":"page","link":"https:\/\/fire-eagle.menaps.com\/index.php\/financement-participatif\/","title":{"rendered":"Financement participatif"},"content":{"rendered":"<section class=\"wpb-content-wrapper\"><p>[vc_row full_width=&#8221;stretch_row_content&#8221; css=&#8221;.vc_custom_1739435964796{margin-top: -80px !important;margin-right: 0px !important;margin-left: 0px !important;padding-top: 100px !important;padding-bottom: 100px !important;background-image: url(http:\/\/fire-eagle.menaps.com\/wp-content\/uploads\/2025\/02\/Capture-decran-2025-02-07-a-15.29.17.jpg?id=5726) !important;background-position: center !important;background-repeat: no-repeat !important;background-size: cover !important;}&#8221;][vc_column][vc_custom_heading text=&#8221;Financement Participatif&#8221; font_container=&#8221;tag:h2|text_align:center&#8221; google_fonts=&#8221;font_family:Open%20Sans%3A300%2C300italic%2Cregular%2Citalic%2C600%2C600italic%2C700%2C700italic%2C800%2C800italic|font_style:400%20regular%3A400%3Anormal&#8221;][vc_raw_html]JTNDc3R5bGUlM0UlMEEuYnJlYWRjcnVtYnMlMjAlN0IlMEElMjAlMjAlMjAlMjBkaXNwbGF5JTNBJTIwZmxleCUzQiUwQSUyMCUyMCUyMCUyMGFsaWduLWl0ZW1zJTNBJTIwY2VudGVyJTNCJTBBJTIwJTIwanVzdGlmeS1jb250ZW50JTNBJTIwY2VudGVyJTNCJTBBJTIwJTIwJTIwJTIwbGlzdC1zdHlsZSUzQSUyMG5vbmUlM0IlMEElMjAlMjAlMjAlMjBwYWRkaW5nJTNBJTIwMCUzQiUwQSUyMCUyMCUyMCUyMG1hcmdpbiUzQSUyMDAlM0IlMEElMjAlMjAlMjAlMjBmb250LXNpemUlM0ElMjAxNHB4JTNCJTBBJTIwJTIwJTIwJTIwY29sb3IlM0ElMjAlMjM1NTUlM0IlMjAlMkYlMkElMjBUZXh0JTIwY29sb3IlMjAlMkElMkYlMEElN0QlMEElMEEuYnJlYWRjcnVtYnMlMjBsaSUyMCU3QiUwQSUyMCUyMCUyMCUyMGRpc3BsYXklM0ElMjBmbGV4JTNCJTBBJTIwJTIwJTIwJTIwYWxpZ24taXRlbXMlM0ElMjBjZW50ZXIlM0IlMEElN0QlMEElMEEuYnJlYWRjcnVtYnMlMjBhJTIwJTdCJTBBJTIwJTIwJTIwJTIwY29sb3IlM0F3aGl0ZSUzQiUwQSUyMCUyMCUyMCUyMGZvbnQtc2l6ZSUzQTE2cHglM0IlMEFmb250LWZhbWlseSUyMCUzQSUyMk51bml0byUyMFNhbnMlMjIlMkMlMjBzYW5zLXNlcmlmJTNCJTBBJTIwJTIwJTIwJTIwdGV4dC1kZWNvcmF0aW9uJTNBJTIwbm9uZSUzQiUwQSUyMCUyMCUyMCUyMHRyYW5zaXRpb24lM0ElMjBjb2xvciUyMDAuM3MlMjBlYXNlJTNCJTBBJTdEJTBBJTBBLmJyZWFkY3J1bWJzJTIwYSUzQWhvdmVyJTIwJTdCJTBBJTIwJTIwJTBBJTIwJTIwJTIwJTIwY29sb3IlM0ElMjAlMjNmZmYlMjFpbXBvcnRhbnQlM0IlMjAlMkYlMkElMjBIb3ZlciUyMGxpbmslMjBjb2xvciUyMCUyQSUyRiUwQSUyMCUyMCUyMCUwQSU3RCUwQSUwQS5icmVhZGNydW1icyUyMC5jdXJyZW50LWl0ZW0lMjAlN0IlMEElMjAlMjAlMjAlMjBjb2xvciUzQSUyMHdoaXRlJTNCJTIwJTJGJTJBJTIwQ3VycmVudCUyMGl0ZW0lMjBjb2xvciUyMCUyQSUyRiUwQSUyMCUyMCUyMCUyMGZvbnQtd2VpZ2h0JTNBJTIwYm9sZCUzQiUwQSUyMCUyMCUyMCUyMGZvbnQtc2l6ZSUzQTE2cHglM0IlMEElMjAlMjAlMjAlMjBmb250LWZhbWlseSUzQSUyMk51bml0byUyMFNhbnMlMjIlMkMlMjBzYW5zLXNlcmlmJTNCJTBBJTdEJTBBJTBBLmJyZWFkY3J1bWJzJTIwbGklMjAlMkIlMjBsaSUzQWJlZm9yZSUyMCU3QiUwQSUyMCUyMCUyMCUyMGNvbnRlbnQlM0ElMjAlMjIlQzIlQkIlMjIlM0IlMjAlMkYlMkElMjBTZXBhcmF0b3IlMjAlMkElMkYlMEElMjAlMjAlMjAlMjBtYXJnaW4lM0ElMjAwJTIwOHB4JTNCJTBBJTIwJTIwJTIwJTIwY29sb3IlM0ElMjB3aGl0ZSUzQiUwQSU3RCUwQSUwQS5icmVhZGNydW1icyUyMC5ob21lJTIwYSUyMCU3QiUwQSUyMCUyMCUyMCUyMGZvbnQtd2VpZ2h0JTNBJTIwYm9sZCUzQiUwQSUyMCUyMCUyMCUyMGNvbG9yJTNBJTIwcmdiJTI4MjQxJTJDJTIwMTM4JTJDJTIwMTAxJTI5JTIwJTIxaW1wb3J0YW50JTNCJTBBJTdEJTBBJTNDJTJGc3R5bGUlM0UlMEElM0N1bCUyMGNsYXNzJTNEJTIyYnJlYWRjcnVtYnMlMjIlMjB0eXBlb2YlM0QlMjJCcmVhZGNydW1iTGlzdCUyMiUyMHZvY2FiJTNEJTIyaHR0cHMlM0ElMkYlMkZzY2hlbWEub3JnJTJGJTIyJTNFJTNDJTIxLS0lMjBCcmVhZGNydW1iJTIwTmF2WFQlMjA3LjIuMCUyMC0tJTNFJTBBJTNDbGklMjBjbGFzcyUzRCUyMmhvbWUlMjIlM0UlM0NzcGFuJTIwcHJvcGVydHklM0QlMjJpdGVtTGlzdEVsZW1lbnQlMjIlMjB0eXBlb2YlM0QlMjJMaXN0SXRlbSUyMiUzRSUzQ2ElMjBwcm9wZXJ0eSUzRCUyMml0ZW0lMjIlMjB0eXBlb2YlM0QlMjJXZWJQYWdlJTIyJTIwdGl0bGUlM0QlMjJHbyUyMHRvJTIwSG9tZS4lMjIlMjBocmVmJTNEJTIyaHR0cHMlM0ElMkYlMkZmaXJlLWVhZ2xlLm1lbmFwcy5jb20lMjIlMjBjbGFzcyUzRCUyMmhvbWUlMjIlM0UlM0NzcGFuJTIwcHJvcGVydHklM0QlMjJuYW1lJTIyJTNFSG9tZSUzQyUyRnNwYW4lM0UlM0MlMkZhJTNFJTNDbWV0YSUyMHByb3BlcnR5JTNEJTIycG9zaXRpb24lMjIlMjBjb250ZW50JTNEJTIyMSUyMiUzRSUzQyUyRnNwYW4lM0UlM0MlMkZsaSUzRSUwQSUzQ2xpJTIwY2xhc3MlM0QlMjJwb3N0JTIwcG9zdC1wYWdlJTIwY3VycmVudC1pdGVtJTIyJTNFJTNDc3BhbiUyMHByb3BlcnR5JTNEJTIyaXRlbUxpc3RFbGVtZW50JTIyJTIwdHlwZW9mJTNEJTIyTGlzdEl0ZW0lMjIlM0UlM0NzcGFuJTIwcHJvcGVydHklM0QlMjJuYW1lJTIyJTNFRmluYW5jZW1lbnQlMjBQYXJ0aWNpcGF0aWYlM0MlMkZzcGFuJTNFJTNDbWV0YSUyMHByb3BlcnR5JTNEJTIycG9zaXRpb24lMjIlMjBjb250ZW50JTNEJTIyMiUyMiUzRSUzQyUyRnNwYW4lM0UlM0MlMkZsaSUzRSUwQSUzQyUyRnVsJTNF[\/vc_raw_html][\/vc_column][\/vc_row][vc_row type=&#8221;h3&#8243; header=&#8221;{{Ce qu\u2019ils disent de nous}}<br \/>\nLa revue de presse&#8221; style=&#8221;header-subheader&#8221; color=&#8221;white&#8221; subcolor=&#8221;main&#8221; align=&#8221;center&#8221; size=&#8221;default&#8221; transform=&#8221;default&#8221; image=&#8221;&#8221; icon_type=&#8221;hidden&#8221; icon_bg=&#8221;transparent&#8221; size_px=&#8221;&#8221; use_theme_fonts=&#8221;yes&#8221; google_fonts=&#8221;font_family:Abril%20Fatface%3Aregular|font_style:400%20regular%3A400%3Anormal&#8221; id=&#8221;&#8221; class=&#8221;&#8221;][vc_column]<div class=\"heading  header-subheader align-center color-white subcolor-main transform-default heading-tag-h3\" id=\"like_sc_header_1801678440\"><h3 class=\"header\">REMERCIEMENTS \u00c0 NOS G\u00c9N\u00c9REUX DONATEURS<\/h3><\/div><div class=\"es-resp\">\t<div class=\"visible-xl\" style=\"height: 20px;\"><\/div>\t<div class=\"hidden-xl hidden-md hidden-sm hidden-ms hidden-xs\" style=\"height: 20px;\"><\/div>\t<div class=\"visible-md\" style=\"height: 20px;\"><\/div>\t<div class=\"visible-sm \" style=\"height: 20px;\"><\/div>\t<div class=\"visible-ms\" style=\"height: 20px;\"><\/div>\t<div class=\"visible-xs\" style=\"height: 20px;\"><\/div><\/div>[\/vc_column][\/vc_row][vc_row][vc_column][vc_column_text]En f\u00e9vrier 2025, nous avons lanc\u00e9 une<a href=\"http:\/\/www.gofundme.com\/f\/fireeagle-ai-drones-against-wildfires\"><strong> campagne de financement participatif sur GoFundMe<\/strong><\/a>. Gr\u00e2ce au soutien de plusieurs donateurs, nous pourrons am\u00e9liorer cette technologie et pr\u00e9server plus de 16 000 hectares de for\u00eat pour chaque tranche de 1 000 \u20ac de dons.[\/vc_column_text][\/vc_column][\/vc_row][vc_row][vc_column][vc_column_text]<\/p>\n<p style=\"text-align: center;\"><strong>Merci \u00e0 toutes les personnes ayant accept\u00e9 d\u2019\u00eatre mentionn\u00e9es ci-dessous pour leur soutien !<\/strong><\/p>\n<p>[\/vc_column_text][\/vc_column][\/vc_row][vc_row][vc_column][vc_column_text][\/vc_column_text][\/vc_column][\/vc_row][vc_row type=&#8221;h3&#8243; header=&#8221;{{Ce qu\u2019ils disent de nous}}<br \/>\nLa revue de presse&#8221; style=&#8221;header-subheader&#8221; color=&#8221;white&#8221; subcolor=&#8221;main&#8221; align=&#8221;center&#8221; size=&#8221;default&#8221; transform=&#8221;default&#8221; image=&#8221;&#8221; icon_type=&#8221;hidden&#8221; icon_bg=&#8221;transparent&#8221; size_px=&#8221;&#8221; use_theme_fonts=&#8221;yes&#8221; google_fonts=&#8221;font_family:Abril%20Fatface%3Aregular|font_style:400%20regular%3A400%3Anormal&#8221; id=&#8221;&#8221; class=&#8221;&#8221;][vc_column]<div class=\"heading  header-subheader align-center color-white subcolor-main transform-default heading-tag-h3\" id=\"like_sc_header_420379211\"><h3 class=\"header\">LE CROWDFUNDING FIRE EAGLE<\/h3><\/div><div class=\"es-resp\">\t<div class=\"visible-xl\" style=\"height: 20px;\"><\/div>\t<div class=\"hidden-xl hidden-md hidden-sm hidden-ms hidden-xs\" style=\"height: 20px;\"><\/div>\t<div class=\"visible-md\" style=\"height: 20px;\"><\/div>\t<div class=\"visible-sm \" style=\"height: 20px;\"><\/div>\t<div class=\"visible-ms\" style=\"height: 20px;\"><\/div>\t<div class=\"visible-xs\" style=\"height: 20px;\"><\/div><\/div>[\/vc_column][\/vc_row][vc_row][vc_column width=&#8221;1\/2&#8243;][vc_column_text]Nous lan\u00e7ons une campagne de financement pour r\u00e9colter 300 000 \u20ac de donations. Ces fonds seront utilis\u00e9es pour fournir gratuitement la technologie aux pompiers mais aussi \u00e0 l\u2019am\u00e9lioration de notre technologie d\u2019IA, au maintien de l\u2019engagement de notre \u00e9quipe d\u00e9di\u00e9e, et \u00e0 l\u2019expansion de notre flotte de drones.<\/p>\n<p>Notre ambition est de renforcer les capacit\u00e9s de nos drones pour d\u00e9tecter les d\u00e9parts de feu en temps r\u00e9el, contribuant ainsi \u00e0 prot\u00e9ger des milliers d\u2019hectares de for\u00eats.<\/p>\n<p>Par ailleurs, nous souhaitons apporter un soutien accru aux pompiers \u00e0 travers le monde, en particulier dans les r\u00e9gions les plus expos\u00e9es aux incendies de v\u00e9g\u00e9tation.[\/vc_column_text]<div class=\"btn-wrap align-left\"><a href=\"https:\/\/www.gofundme.com\/f\/fireeagle-ai-drones-against-wildfires\" class=\"btn  btn-default transform-default color-hover-default align-left   vc_custom_1740389748488\" id=\"like_sc_button_1310243749\">JE PARTICIPE SUR GOFUNDME !<\/a><\/div>[\/vc_column][vc_column width=&#8221;1\/2&#8243; text_align=&#8221;center-ms&#8221;][vc_single_image image=&#8221;5721&#8243; img_size=&#8221;full&#8221;][\/vc_column][\/vc_row][vc_row][vc_column][\/vc_column][\/vc_row][vc_row][vc_column][vc_single_image image=&#8221;5615&#8243; img_size=&#8221;full&#8221; alignment=&#8221;center&#8221;][\/vc_column][\/vc_row][vc_row][vc_column][vc_raw_js]JTNDc2NyaXB0JTIwJTIwc3JjJTNEJTI3aHR0cHMlM0ElMkYlMkZmaXJlLWVhZ2xlLm1lbmFwcy5jb20lMkZ3cC1jb250ZW50JTJGdGhlbWVzJTJGYWx0YWZyYW1lJTJGYXNzZXRzJTJGanMlMkZzd2lwZXIuanF1ZXJ5LmpzJTNGdmVyJTNEMy40LjElMjclMjAlM0UlM0MlMkZzY3JpcHQlM0UlMEElM0NzY3JpcHQlMjBzcmMlM0QlMjJodHRwcyUzQSUyRiUyRmNkbi5qc2RlbGl2ci5uZXQlMkZucG0lMkZtaXhpdHVwJTJGZGlzdCUyRm1peGl0dXAubWluLmpzJTIyJTNFJTNDJTJGc2NyaXB0JTNFJTBBJTNDc2NyaXB0JTNFJTBBJTI4ZnVuY3Rpb24lMjglMjQlMjklMjAlN0IlMEElMEElMjAlMjAlMjAlMjAlMjQlMjhkb2N1bWVudCUyOS5yZWFkeSUyOGZ1bmN0aW9uJTI4JTI5JTIwJTdCJTBBJTIwJTIwJTIwJTI0JTI4JTI3Lm5hdmJhciUyNyUyOS5hcHBlbmQlMjglMjclM0NsaSUyMGlkJTNEJTIydGFibGV0dGUlMjIlMjBjbGFzcyUzRCUyMmJ0biUyMGJ0bi1maXJlJTIwYnRuLWRlZmF1bHQlMjB0cmFuc2Zvcm0tZGVmYXVsdCUyMGNvbG9yLWhvdmVyLW1haW4lMjBhbGlnbi1jZW50ZXIlMjB2Y19jdXN0b21fMTY4NjE0NzA3ODMyMyUyMG1lbnUtaXRlbSUyMG1lbnUtaXRlbS10eXBlLWN1c3RvbSUyMG1lbnUtaXRlbS1vYmplY3QtY3VzdG9tJTIwbWVudS1pdGVtLTQ5MjIlMjBtZW51LWl0ZW0tbGFzdCUyMiUzRSUzQ2ElMjBocmVmJTNEJTIyJTIzY29udGFjdCUyMiUzRSUzQ3NwYW4lM0VOb3VzJTIwY29udGFjdGVyJTNDJTJGc3BhbiUzRSUzQyUyRmElM0UlM0MlMkZsaSUzRSUzQ2xpJTIwaWQlM0QlMjJtb2JpbGUlMjIlMjBjbGFzcyUzRCUyMmxpbmstYWN0aXZlJTIwbWVudS1pdGVtJTIwbWVudS1pdGVtLXR5cGUtY3VzdG9tJTIwbWVudS1pdGVtLW9iamVjdC1jdXN0b20lMjBtZW51LWl0ZW0taGFzLWNoaWxkcmVuJTIwbWVudS1pdGVtLTUwOTUlMjBtZW51LWl0ZW0tbGFzdCUyMiUzRSUzQ2ElMjBocmVmJTNEJTIyJTIzJTIyJTNFJTNDc3BhbiUzRSUzQ2ltZyUyMGNsYXNzJTNEJTIyYWN0aXZlJTIyJTIwc3JjJTNEJTIyaHR0cCUzQSUyRiUyRmZpcmUtZWFnbGUubWVuYXBzLmNvbSUyRndwLWNvbnRlbnQlMkZ1cGxvYWRzJTJGMjAyMyUyRjA3JTJGZnJhbmNlLnBuZyUyMiUyMGFsdCUzRCUyMmh0dHAlM0ElMkYlMkZmaXJlLWVhZ2xlLm1lbmFwcy5jb20lMkZ3cC1jb250ZW50JTJGdXBsb2FkcyUyRjIwMjMlMkYwNyUyRmZyYW5jZS5wbmclMjIlM0UlM0MlMkZzcGFuJTNFJTNDJTJGYSUzRSUzQ3VsJTIwY2xhc3MlM0QlMjJzdWItbWVudSUyMiUzRSUzQ2xpJTIwaWQlM0QlMjJtZW51LWl0ZW0tNTEyOSUyMiUyMGNsYXNzJTNEJTIybGluay1zZWxlY3QlMjBtZW51LWl0ZW0lMjBtZW51LWl0ZW0tdHlwZS1jdXN0b20lMjBtZW51LWl0ZW0tb2JqZWN0LWN1c3RvbSUyMG1lbnUtaXRlbS01MTI5JTIyJTNFJTNDYSUyMGhyZWYlM0QlMjJodHRwcyUzQSUyRiUyRmZpcmUtZWFnbGUubWVuYXBzLmNvbSUyRmluZGV4LnBocCUyRmVuJTIyJTNFJTNDc3BhbiUzRSUzQ2ltZyUyMGNsYXNzJTNEJTIyc2VsZWN0JTIyJTIwc3JjJTNEJTIyaHR0cCUzQSUyRiUyRmZpcmUtZWFnbGUubWVuYXBzLmNvbSUyRndwY29udGVudCUyRnVwbG9hZHMlMkYyMDIzJTJGMDclMkZldGF0cy11bmlzLnBuZyUyMiUyMGFsdCUzRCUyMmh0dHAlM0ElMkYlMkZmaXJlLWVhZ2xlLm1lbmFwcy5jb20lMkZ3cGNvbnRlbnQlMkZ1cGxvYWRzJTJGMjAyMyUyRjA3JTJGZXRhdHMtdW5pcy5wbmclMjIlM0UlM0MlMkZzcGFuJTNFJTNDJTJGYSUzRSUzQyUyRmxpJTNFJTNDJTJGdWwlM0UlM0MlMkZsaSUzRSUyNyUyOSUzQiUwQSUwQXZhciUyMHVybF9mciUzRCUyMmh0dHBzJTNBJTJGJTJGZmlyZS1lYWdsZS5tZW5hcHMuY29tJTJGaW5kZXgucGhwJTJGZmluYW5jZW1lbnQtcGFydGljaXBhdGlmJTIyJTJDdXJsX2VuJTNEJTIyaHR0cCUzQSUyRiUyRmZpcmUtZWFnbGUubWVuYXBzLmNvbSUyRmluZGV4LnBocCUyRmNyb3dkZnVuZGluZyUyMiUwQSUwQSUyMCUyMCUyMCUyMCUyNCUyOCUyNy5hY3RpdmUlMjclMjkuYXR0ciUyOCUyN3NyYyUyNyUyQyUyMCUyMmh0dHAlM0ElMkYlMkZmaXJlLWVhZ2xlLm1lbmFwcy5jb20lMkZ3cC1jb250ZW50JTJGdXBsb2FkcyUyRjIwMjMlMkYwNyUyRmZyYW5jZS5wbmclMjIlMjklM0IlMEElMjAlMjAlMjAlMjAlMjAlMjQlMjglMjcuc2VsZWN0JTI3JTI5LmF0dHIlMjglMjdzcmMlMjclMkMlMjAlMjJodHRwJTNBJTJGJTJGZmlyZS1lYWdsZS5tZW5hcHMuY29tJTJGd3AtY29udGVudCUyRnVwbG9hZHMlMkYyMDIzJTJGMDclMkZldGF0cy11bmlzLnBuZyUyMiUyOSUzQiUwQSUyMCUyMCUyMCUyMCUyMCUyNCUyOCUyNy5saW5rLWFjdGl2ZSUyMGElMjclMjkuYXR0ciUyOCUyN2hyZWYlMjclMkMlMjIlMjMlMjIlMjklM0IlMEElMjAlMjAlMjAlMjAlMjAlMjQlMjglMjcubGluay1zZWxlY3QlMjBhJTI3JTI5LmF0dHIlMjglMjdocmVmJTI3JTJDJTIwdXJsX2VuJTI5JTNCJTBBJTIwJTIwJTIwJTIwJTIwJTI0JTI4JTI3LmNvbnRhY3QlMjBhJTI3JTI5LmF0dHIlMjglMjdocmVmJTI3JTJDJTIwJTIyaHR0cHMlM0ElMkYlMkZmaXJlLWVhZ2xlLm1lbmFwcy5jb20lMkYlMjNjb250YWN0JTIyJTI5JTNCJTBBJTBBJTIwJTdEJTI5JTNCJTIwJTBBJTdEJTI5JTI4alF1ZXJ5JTI5JTNCJTBBJTNDJTJGc2NyaXB0JTNF[\/vc_raw_js][\/vc_column][\/vc_row]<\/p>\n<\/section>","protected":false},"excerpt":{"rendered":"<p>[vc_row full_width=&#8221;stretch_row_content&#8221; css=&#8221;.vc_custom_1739435964796{margin-top: -80px !important;margin-right: 0px !important;margin-left: 0px !important;padding-top: 100px !important;padding-bottom: 100px !important;background-image: url(http:\/\/fire-eagle.menaps.com\/wp-content\/uploads\/2025\/02\/Capture-decran-2025-02-07-a-15.29.17.jpg?id=5726) !important;background-position: center !important;background-repeat: no-repeat !important;background-size: cover !important;}&#8221;][vc_column][vc_custom_heading text=&#8221;Financement Participatif&#8221; font_container=&#8221;tag:h2|text_align:center&#8221; google_fonts=&#8221;font_family:Open%20Sans%3A300%2C300italic%2Cregular%2Citalic%2C600%2C600italic%2C700%2C700italic%2C800%2C800italic|font_style:400%20regular%3A400%3Anormal&#8221;][vc_raw_html]JTNDc3R5bGUlM0UlMEEuYnJlYWRjcnVtYnMlMjAlN0IlMEElMjAlMjAlMjAlMjBkaXNwbGF5JTNBJTIwZmxleCUzQiUwQSUyMCUyMCUyMCUyMGFsaWduLWl0ZW1zJTNBJTIwY2VudGVyJTNCJTBBJTIwJTIwanVzdGlmeS1jb250ZW50JTNBJTIwY2VudGVyJTNCJTBBJTIwJTIwJTIwJTIwbGlzdC1zdHlsZSUzQSUyMG5vbmUlM0IlMEElMjAlMjAlMjAlMjBwYWRkaW5nJTNBJTIwMCUzQiUwQSUyMCUyMCUyMCUyMG1hcmdpbiUzQSUyMDAlM0IlMEElMjAlMjAlMjAlMjBmb250LXNpemUlM0ElMjAxNHB4JTNCJTBBJTIwJTIwJTIwJTIwY29sb3IlM0ElMjAlMjM1NTUlM0IlMjAlMkYlMkElMjBUZXh0JTIwY29sb3IlMjAlMkElMkYlMEElN0QlMEElMEEuYnJlYWRjcnVtYnMlMjBsaSUyMCU3QiUwQSUyMCUyMCUyMCUyMGRpc3BsYXklM0ElMjBmbGV4JTNCJTBBJTIwJTIwJTIwJTIwYWxpZ24taXRlbXMlM0ElMjBjZW50ZXIlM0IlMEElN0QlMEElMEEuYnJlYWRjcnVtYnMlMjBhJTIwJTdCJTBBJTIwJTIwJTIwJTIwY29sb3IlM0F3aGl0ZSUzQiUwQSUyMCUyMCUyMCUyMGZvbnQtc2l6ZSUzQTE2cHglM0IlMEFmb250LWZhbWlseSUyMCUzQSUyMk51bml0byUyMFNhbnMlMjIlMkMlMjBzYW5zLXNlcmlmJTNCJTBBJTIwJTIwJTIwJTIwdGV4dC1kZWNvcmF0aW9uJTNBJTIwbm9uZSUzQiUwQSUyMCUyMCUyMCUyMHRyYW5zaXRpb24lM0ElMjBjb2xvciUyMDAuM3MlMjBlYXNlJTNCJTBBJTdEJTBBJTBBLmJyZWFkY3J1bWJzJTIwYSUzQWhvdmVyJTIwJTdCJTBBJTIwJTIwJTBBJTIwJTIwJTIwJTIwY29sb3IlM0ElMjAlMjNmZmYlMjFpbXBvcnRhbnQlM0IlMjAlMkYlMkElMjBIb3ZlciUyMGxpbmslMjBjb2xvciUyMCUyQSUyRiUwQSUyMCUyMCUyMCUwQSU3RCUwQSUwQS5icmVhZGNydW1icyUyMC5jdXJyZW50LWl0ZW0lMjAlN0IlMEElMjAlMjAlMjAlMjBjb2xvciUzQSUyMHdoaXRlJTNCJTIwJTJGJTJBJTIwQ3VycmVudCUyMGl0ZW0lMjBjb2xvciUyMCUyQSUyRiUwQSUyMCUyMCUyMCUyMGZvbnQtd2VpZ2h0JTNBJTIwYm9sZCUzQiUwQSUyMCUyMCUyMCUyMGZvbnQtc2l6ZSUzQTE2cHglM0IlMEElMjAlMjAlMjAlMjBmb250LWZhbWlseSUzQSUyMk51bml0byUyMFNhbnMlMjIlMkMlMjBzYW5zLXNlcmlmJTNCJTBBJTdEJTBBJTBBLmJyZWFkY3J1bWJzJTIwbGklMjAlMkIlMjBsaSUzQWJlZm9yZSUyMCU3QiUwQSUyMCUyMCUyMCUyMGNvbnRlbnQlM0ElMjAlMjIlQzIlQkIlMjIlM0IlMjAlMkYlMkElMjBTZXBhcmF0b3IlMjAlMkElMkYlMEElMjAlMjAlMjAlMjBtYXJnaW4lM0ElMjAwJTIwOHB4JTNCJTBBJTIwJTIwJTIwJTIwY29sb3IlM0ElMjB3aGl0ZSUzQiUwQSU3RCUwQSUwQS5icmVhZGNydW1icyUyMC5ob21lJTIwYSUyMCU3QiUwQSUyMCUyMCUyMCUyMGZvbnQtd2VpZ2h0JTNBJTIwYm9sZCUzQiUwQSUyMCUyMCUyMCUyMGNvbG9yJTNBJTIwcmdiJTI4MjQxJTJDJTIwMTM4JTJDJTIwMTAxJTI5JTIwJTIxaW1wb3J0YW50JTNCJTBBJTdEJTBBJTNDJTJGc3R5bGUlM0UlMEElM0N1bCUyMGNsYXNzJTNEJTIyYnJlYWRjcnVtYnMlMjIlMjB0eXBlb2YlM0QlMjJCcmVhZGNydW1iTGlzdCUyMiUyMHZvY2FiJTNEJTIyaHR0cHMlM0ElMkYlMkZzY2hlbWEub3JnJTJGJTIyJTNFJTNDJTIxLS0lMjBCcmVhZGNydW1iJTIwTmF2WFQlMjA3LjIuMCUyMC0tJTNFJTBBJTNDbGklMjBjbGFzcyUzRCUyMmhvbWUlMjIlM0UlM0NzcGFuJTIwcHJvcGVydHklM0QlMjJpdGVtTGlzdEVsZW1lbnQlMjIlMjB0eXBlb2YlM0QlMjJMaXN0SXRlbSUyMiUzRSUzQ2ElMjBwcm9wZXJ0eSUzRCUyMml0ZW0lMjIlMjB0eXBlb2YlM0QlMjJXZWJQYWdlJTIyJTIwdGl0bGUlM0QlMjJHbyUyMHRvJTIwSG9tZS4lMjIlMjBocmVmJTNEJTIyaHR0cHMlM0ElMkYlMkZmaXJlLWVhZ2xlLm1lbmFwcy5jb20lMjIlMjBjbGFzcyUzRCUyMmhvbWUlMjIlM0UlM0NzcGFuJTIwcHJvcGVydHklM0QlMjJuYW1lJTIyJTNFSG9tZSUzQyUyRnNwYW4lM0UlM0MlMkZhJTNFJTNDbWV0YSUyMHByb3BlcnR5JTNEJTIycG9zaXRpb24lMjIlMjBjb250ZW50JTNEJTIyMSUyMiUzRSUzQyUyRnNwYW4lM0UlM0MlMkZsaSUzRSUwQSUzQ2xpJTIwY2xhc3MlM0QlMjJwb3N0JTIwcG9zdC1wYWdlJTIwY3VycmVudC1pdGVtJTIyJTNFJTNDc3BhbiUyMHByb3BlcnR5JTNEJTIyaXRlbUxpc3RFbGVtZW50JTIyJTIwdHlwZW9mJTNEJTIyTGlzdEl0ZW0lMjIlM0UlM0NzcGFuJTIwcHJvcGVydHklM0QlMjJuYW1lJTIyJTNFRmluYW5jZW1lbnQlMjBQYXJ0aWNpcGF0aWYlM0MlMkZzcGFuJTNFJTNDbWV0YSUyMHByb3BlcnR5JTNEJTIycG9zaXRpb24lMjIlMjBjb250ZW50JTNEJTIyMiUyMiUzRSUzQyUyRnNwYW4lM0UlM0MlMkZsaSUzRSUwQSUzQyUyRnVsJTNF[\/vc_raw_html][\/vc_column][\/vc_row][vc_row type=&#8221;h3&#8243; header=&#8221;{{Ce qu\u2019ils disent de [&hellip;]<\/p>\n","protected":false},"author":1,"featured_media":0,"parent":0,"menu_order":0,"comment_status":"closed","ping_status":"closed","template":"","meta":{"inline_featured_image":false},"_links":{"self":[{"href":"https:\/\/fire-eagle.menaps.com\/index.php\/wp-json\/wp\/v2\/pages\/5544"}],"collection":[{"href":"https:\/\/fire-eagle.menaps.com\/index.php\/wp-json\/wp\/v2\/pages"}],"about":[{"href":"https:\/\/fire-eagle.menaps.com\/index.php\/wp-json\/wp\/v2\/types\/page"}],"author":[{"embeddable":true,"href":"https:\/\/fire-eagle.menaps.com\/index.php\/wp-json\/wp\/v2\/users\/1"}],"replies":[{"embeddable":true,"href":"https:\/\/fire-eagle.menaps.com\/index.php\/wp-json\/wp\/v2\/comments?post=5544"}],"version-history":[{"count":57,"href":"https:\/\/fire-eagle.menaps.com\/index.php\/wp-json\/wp\/v2\/pages\/5544\/revisions"}],"predecessor-version":[{"id":5742,"href":"https:\/\/fire-eagle.menaps.com\/index.php\/wp-json\/wp\/v2\/pages\/5544\/revisions\/5742"}],"wp:attachment":[{"href":"https:\/\/fire-eagle.menaps.com\/index.php\/wp-json\/wp\/v2\/media?parent=5544"}],"curies":[{"name":"wp","href":"https:\/\/api.w.org\/{rel}","templated":true}]}}